 3. Let r be c(-4). Suppose 3*s - r = -2*w, s + 4*w = 4*s - y. Is s prime?
True
Suppose -5*t - u + 50 = 0, -u = -2*u + 5. Suppose t*i - 635 = 4*i. Is i prime?
True
Suppose 5*p - q = 2704, 3*p + 3*q + 0*q = 1626. Is p a composite number?
False
Suppose -115 - 117 = -4*w - 4*l, 0 = -w - 3*l + 56. Is w prime?
True
Let z(w) = -6*w**3 - w + 0*w + 3*w - 2*w**2 + 5*w**3 + 4. Is z(-3) a composite number?
False
Let x(z) = 6*z**2 - 6. Let t be x(-5). Suppose -149 = -4*p - 4*i + 3*i, -4*p + 4*i = -t. Is p a composite number?
False
Suppose 3*h + 247 = r, 6*r - r + h = 1267. Is r a composite number?
True
Suppose 55 = 5*x - 0*x. Let i = x + -4. Is i a prime number?
True
Let n(f) = 34*f + 5. Is n(4) a composite number?
True
Suppose 117 = 3*p - 90. Suppose -2*v - 2*v + 2*s = -526, -4*s - 248 = -2*v. Let y = v - p. Is y a composite number?
True
Suppose 4*b = -3*g + 9787, b - 3*g - 786 - 1672 = 0. Is b prime?
False
Let m = -353 + 544. Is m prime?
True
Suppose 5*u - 2*h - 2186 = -629, u - 310 = -h. Is u a composite number?
False
Suppose -3*v + 21 = 5*d + v, -2*d + 2*v + 12 = 0. Suppose -d*i + i + 136 = 0. Suppose -3*y + 125 + i = 0. Is y composite?
False
Let k = 159 - 36. Is k*1*49/21 a composite number?
True
Let y be (-12)/42 + 23/7. Suppose 2*g - 71 = y. Is g a composite number?
False
Let v(i) = -3*i**3 + i - 5. Is v(-4) a composite number?
True
Let y = -8 + 11. Suppose y*z - 8 = -z. Suppose 36 + 41 = a + z*f, 5*a - 3*f - 424 = 0. Is a a composite number?
False
Let o be 0/(-2 + 4 + -4). Suppose -5*g = -5*d + 500, 5*d - 494 = -o*g + 3*g. Is d a prime number?
True
Let w be ((-32)/20)/((-1)/5). Suppose w = j + 2*q, j + 24 = 4*j + q. Let c(d) = 9*d + 5. Is c(j) prime?
False
Is 1061/(-2 + 3 - 0) a composite number?
False
Let q(n) = 33*n**2 - 2*n + 4. Is q(-3) prime?
True
Let l(r) = -4*r**3 - 2*r**2 - 2. Let c be l(-2). Suppose -5*q + c = -3*s, 4*s - 2*q - 1 = -7. Let z(k) = 21*k**3 + 2*k - 1. Is z(s) a composite number?
True
Let i(k) = k**2 + 7*k + 4. Let b be i(-5). Let a(w) = 3*w - 5 + w + 3*w**2 - 2*w**2. Is a(b) prime?
True
Let h(j) = -j**3 + 6*j**2 + 2*j - 3. Let m(b) = -b**2 - 11*b + 6. Let n be m(-11). Is h(n) prime?
False
Let x be (-327)/(-5) + 6/(-15). Is 1/5 - (-9282)/x composite?
True
Suppose 3*l = 3*q - 369, -q - 2*q = 2*l - 389. Is q a composite number?
False
Let x = 12 - 13. Is -2 - (-1 + x) - -419 a composite number?
False
Let t(k) be the first derivative of 7*k**3/3 + k**2 - k + 3. Is t(-4) a prime number?
True
Suppose -3*p = -5*p + 430. Is p a composite number?
True
Let z = -20 + 34. Is z a composite number?
True
Suppose p = o - 738, 2*o - 3*p - 2*p - 1473 = 0. Is o a prime number?
True
Let u(a) = -32*a**2. Let f be u(-1). Let j = 7 - f. Is j a prime number?
False
Suppose -3*v + 5 = -10. Suppose 31 = 4*w + 5*t, 6 + 29 = v*w + 5*t. Is w/(-14) - (-783)/21 prime?
True
Let d(r) = -90*r - 5. Is d(-4) composite?
True
Let i(q) = -226*q + 1. Let f be i(-1). Let l = f + -78. Is l a composite number?
False
Let x(h) = -2*h - 2. Let g be x(-2). Suppose 2*q = 3*k + 3, 3*q - 4 = 2*q + 4*k. Suppose -z - 2*s = -q*z - 24, 4*z - g*s = 46. Is z composite?
True
Let c(h) = h**2 + h - 1. Let z be 2/5*(-20)/(-4). Let n be c(z). Suppose 3*g = -u - 0 + 2, 7 = 2*u + n*g. Is u a prime number?
True
Let v(q) = 8*q**2 - 2*q - 2. Is v(4) a composite number?
True
Suppose -5*f - 9 = 3*k, -5*f - 5*k + 0*k = 15. Suppose 295 = -f*j + j. Is j a composite number?
True
Suppose 15*j - 18*j = -7773. Is j a composite number?
False
Is (8/(-40) - 3/10)*-70 prime?
False
Suppose -2*a - 307 = 5*l - 1655, 3*a - 1997 = 5*l. Is a a prime number?
False
Let a = -1194 - -1781. Is a a composite number?
False
Let b(d) be the third derivative of d**5/60 - d**4/24 + 35*d**3/6 - 2*d**2. Let z be b(0). Let i = -16 + z. Is i a prime number?
True
Let k = 124 - 70. Suppose 5*c + 4 = k. Is c a prime number?
False
Suppose 2*h + 21 = -7. Is (8/(-16))/(1/h) a composite number?
False
Suppose -5*w = 0, -4*w - 620 = -5*x - w. Suppose g + x = 482. Is g a prime number?
False
Let d(v) = v**2 - 7*v + 6. Let w(x) = -x**2 + 3*x + 4. Let m be w(3). Let p be d(m). Is 22/p*(-6 + -3) composite?
True
Let w be 0 + 3/(6/712). Suppose w = 5*z - 69. Is z prime?
False
Let r be -1 - ((0 - 3) + 1). Suppose 2 = 3*j - r. Is (-2 + -156)/(-1 - j) a composite number?
False
Let x be (2 + -4 - 5) + -2. Let m = 19 + x. Let o(c) = c**3 - 9*c**2 - 9*c + 15. Is o(m) a prime number?
False
Suppose 0 = -2*b + 3*c + 45, b + 5*c - 39 = -2*b. Suppose 3*g + 6 = 3*x, 4*x + 3*g - b = 4. Suppose -x*v + 22 + 6 = 0. Is v a prime number?
True
Suppose -y - 1 = -2. Let k be 2*(3/(-6) - -2). Suppose -k*i - 4*m + 0 + y = 0, 4*m = 3*i - 41. Is i prime?
True
Suppose 4*a = q - 10, 2*q + 3*q - 3*a - 16 = 0. Suppose 2*k + q = 16. Suppose 4*d + 12 = -8, 3*d = -2*m - k. Is m a prime number?
False
Let w(b) = -b**2 - b. Let o be w(-3). Let t be (34/3)/(o/(-9)). Let l = 70 - t. Is l composite?
False
Suppose -z + 77 = -554. Is z composite?
False
Suppose 0 = 10*l - 4*l + 630. Let z = 220 + l. Is z a prime number?
False
Let f be (-3)/(-2)*(-64)/(-24). Suppose -645 = -f*n + 571. Suppose -j - x = -0*x - n, 2*j - 5*x = 573. Is j a composite number?
True
Let o = 161 - -542. Is o a prime number?
False
Let z = 4044 - 2533. Is z a composite number?
False
Let r = -697 + 1960. Is r a prime number?
False
Is (2/6)/(1470/1467 - 1) composite?
False
Let r = 20 - 17. Suppose r*g = -2*n + 56, 5*g + 0*g - 4*n - 130 = 0. Is g a composite number?
True
Let i be (-222)/(-15)*(14 - -1). Suppose 4*x = i + 422. Is x prime?
False
Suppose -14 = -v - 4*z, -5*v - 20 = -4*z + 6. Let n(a) be the second derivative of a**4/6 - 2*a**3/3 - 3*a**2/2 + a. Is n(v) a composite number?
False
Let p be 2/((-13)/(-4) - 3). Suppose 0 = 4*u + 3*m - 856, -m - p = -3*m. Is u composite?
False
Let c be 2/(-6) + 3668/6. Suppose -2*d - 3*o + 425 = 0, 5*d - 394 - c = 4*o. Is d a prime number?
False
Let g be (-3 - 6*-1)/1. Suppose -g*j + 35 + 136 = 0. Is j a composite number?
True
Let c = 0 + -1. Let d be ((-116)/(-8))/(c/(-2)). Is (d - (-2)/1)/1 a prime number?
True
Let c(d) = d - 1. Let l be c(7). Suppose -1588 = 2*r - l*r. Is r a composite number?
False
Suppose -3*c + 39 = -246. Is (-2)/(-2)*-1 + c a composite number?
True
Suppose -5*m = 2*q + 11 - 321, 62 = m + 2*q. Let c = 144 - m. Is c a composite number?
True
Suppose -4*d - 245 = -9*d. Is d prime?
False
Let t be (0 + 3)/(3 - 2). Suppose -3*i - t*x + 0*x = -39, 5*x = -5. Is i a prime number?
False
Suppose 4*a + 3*r - 11 = 2*r, 2*r = 3*a - 11. Suppose 0 = m + a*m - f - 15, -2*f = 4*m - 6. Suppose -28 = -7*n + m*n. Is n a prime number?
True
Let q = 3 - -1. Let v(b) = 18*b + 11. Let o be v(9). Suppose 3*u - q*s = -2*u + o, 2*s + 142 = 4*u. Is u prime?
True
Let a be (-6)/9 + 14/3. Suppose a*l = 4*h + 108, 5*l + 5*h = l + 63. Is l a prime number?
False
Let r(a) = 82*a + 1. Let n be r(4). Suppose j = 2*d - n - 563, -5*d + 2233 = -4*j. Is d a composite number?
True
Suppose d + 11 = 2*k, -20 = -k + 2*d - 7. Suppose 2*j = 4*g - 74, -4*j + k*g + 2*g - 136 = 0. Let z = -15 - j. Is z a prime number?
False
Let u(h) be the first derivative of 6*h**3 + 3*h**2/2 - h + 2. Let a(p) = -p**2 - 6*p - 6. Let n be a(-4). Is u(n) a composite number?
True
Let h be 143 - (-1 - (-6)/(-3)). Suppose h = w - 71. Is w a prime number?
False
Let p(t) = -t. Let a be p(-2). Suppose -559 = -a*i + 419. Is i a composite number?
True
Suppose c - 2*c = -95. Suppose -2*a + c = 3*a. Is a composite?
False
Suppose 7*k - 2*k + 2070 = 0. Let l = k + 1049. Is l composite?
True
Let k = 3 + -2. Let q be (k/3)/(1/3). Is -1 + q + 18 + 1 a prime number?
True
Suppose -188 + 699 = y. Is y a prime number?
False
Suppose -2*n + 4*g + 652 = 0, -3*g = -4*n - 8*g + 1239. Let f = -189 + n. Is f a composite number?
False
Suppose -3*g = 5*t - 2*g - 12, -4*t - 4*g + 16 = 0. Suppose 0 = -t*y + 4*r + 76, -3*y - r - 3*r + 94 = 0. Is y a composite number?
True
Suppose -d + 0*x + 1591 = x, 5*d - 7935 = 5*x. Is d composite?
True
Is 8/(-36) - 46966/36*-2 a prime number?
True
Let f(n) = -n**3 + 16*n**2 - 15*n + 19. Let m(h) = -h + 3. Let z be m(-10). Is f(z) a prime number?
True
Suppose -4*d = -10 + 34. Let v(t) = t**3 + 9*t**2 - 11*t + 3. Let o be v(-10). Let m = o - d. Is m composite?
False
Let s(f) = 15*f**2 - 2. Let r be s(-3). Sup